t is r(39)?
-105
Let y(a) = -9*a**2 - 31*a + 5. Determine y(-2).
31
Let w(n) = -n**3 + 12*n**2 - 46*n + 174. Determine w(9).
3
Let r(v) = 82*v + 54. Give r(-3).
-192
Let n(k) = k**3 - 40*k**2 - 2*k + 51. What is n(40)?
-29
Let t(z) = -z**3 + 11*z**2 + 18*z - 149. Determine t(6).
139
Let p(u) = 23*u + 90. Give p(-8).
-94
Let s(o) = 24*o**2 + 371*o + 210. Determine s(-15).
45
Let m(h) = -h**2 + 52*h + 273. Give m(0).
273
Let t(q) = -3*q**2 + 9*q + 1. Give t(-10).
-389
Let n(r) = -2*r**3 + 6*r**2 - 107*r - 239. Give n(-2).
15
Let q(k) = 653*k + 6001. Calculate q(-9).
124
Let q(b) = -b**3 + 78*b**2 + 871*b + 800. Calculate q(88).
8
Let w(j) = -63*j + 686. Give w(11).
-7
Let i(a) = a**2 - 48*a - 859. Determine i(60).
-139
Let d(x) = 2*x**2 + 3*x + 17. What is d(-7)?
94
Let c(z) = 272*z + 4050. Give c(-15).
-30
Let t(b) = 205*b + 409. What is t(-2)?
-1
Let l(a) = a - 258. Give l(-13).
-271
Let h(i) = -4*i**3 - 361*i**2 - 88*i + 177. Give h(-90).
-3
Let s(l) = -2*l**2 + 609*l - 44541. Give s(122).
-11
Let r(v) = v**2 + 37*v + 207. Determine r(-29).
-25
Let y(s) = -73*s + 387. Determine y(5).
22
Let s(a) = 12*a**2 + 51*a - 526. What is s(-9)?
-13
Let c(a) = -350*a - 11200. Calculate c(-32).
0
Let m(a) = -118*a - 2593. Calculate m(-22).
3
Let s(k) = -14*k + 656. Calculate s(41).
82
Let b(q) = q**3 + 34*q**2 + 26*q + 12. What is b(-33)?
243
Let a(o) = o**3 - 76*o**2 - 1799*o - 579. Calculate a(95).
-9
Let m(w) = -w**2 + 84*w + 9268. Determine m(-63).
7
Let p(d) = 12*d**3 + d**2 - 59*d - 59. Calculate p(-1).
-11
Let f(v) = v**3 - 57*v**2 + 261*v - 60. Determine f(52).
-8
Let b(d) = d**3 - 2*d**2 - 28*d + 238. Determine b(-7).
-7
Let u(a) = -30*a + 60. What is u(2)?
0
Let f(i) = 8*i**2 - 13*i + 19. Give f(4).
95
Let p(k) = 3*k**2 - 3*k - 113. Give p(8).
55
Let v(x) = 111*x**3 + 2*x**2 - x - 2. Calculate v(-1).
-110
Let m(i) = i**3 + i**2 + 3*i - 48. Give m(0).
-48
Let w(r) = 20*r - 484. Calculate w(26).
36
Let a(k) = 2*k**2 + 210*k - 1843. Determine a(9).
209
Let n(w) = -4*w**3 - 169*w**2 - 61*w - 792. Give n(-42).
6
Let y(k) = -21*k**2 + 2*k + 9. Calculate y(2).
-71
Let c(w) = 17*w**2 - 145*w + 282. Determine c(4).
-26
Let b(g) = 2*g**3 + 20*g**2 - 19*g - 23. Give b(-11).
-56
Let h(j) = -13*j**2 + j - 9. Give h(-3).
-129
Let s(a) = 2*a**2 + 17*a - 140. Calculate s(-20).
320
Let w(b) = b**2 + 61*b - 12. Calculate w(-61).
-12
Let z(x) = -3*x + 37. What is z(-4)?
49
Let d(s) = 4*s**3 + 6*s**2 - 10*s - 49. Determine d(-3).
-73
Let u(q) = q**2 - 33*q - 499. Give u(-11).
-15
Let t(m) = -20*m - 2. What is t(2)?
-42
Let u(k) = k**3 - 68*k**2 - 282*k - 409. Calculate u(72).
23
Let p(c) = -c**3 + 30*c**2 + 25*c + 52. Give p(31).
-134
Let b(y) = 565*y + 2705. Give b(-5).
-120
Let o(f) = -400*f**2 + 53*f + 54. Give o(-1).
-399
Let h(l) = 3*l + 71. What is h(-23)?
2
Let b(p) = 21*p - 91. Determine b(8).
77
Let x(g) = g**2 + 78*g + 401. What is x(-7)?
-96
Let u(t) = t**3 - 11*t**2 + 36*t + 37. Give u(5).
67
Let n(z) = 32*z**2 - 42*z - 3. Determine n(2).
41
Let c(n) = -n**3 - 8*n**2 + 87*n + 9. Give c(-14).
-33
Let b(h) = 3*h**2 + 76*h + 27. What is b(-25)?
2
Let g(l) = -2*l**2 + 141*l + 730. Give g(-5).
-25
Let c(g) = 534*g + 3204. What is c(-6)?
0
Let h(l) = -l**3 - 42*l**2 + 91*l + 133. Determine h(-44).
1
Let l(y) = y**3 - 23*y**2 - 680*y + 31. What is l(-17)?
31
Let o(k) = -53*k + 1476. Calculate o(28).
-8
Let n(w) = -40*w + 780. Calculate n(47).
-1100
Let x(h) = -h**3 + 104*h**2 - 768*h - 3. What is x(8)?
-3
Let z(q) = q**3 - 12*q**2 + 28*q - 321. What is z(12)?
15
Let v(o) = -o**2 + 195*o + 14395. What is v(-57)?
31
Let g(i) = -4*i**2 - 45*i + 6400. Determine g(-46).
6
Let r(w) = w**3 + 10*w**2 + 16*w - 7. Calculate r(-11).
-304
Let t(f) = -12*f - 97. Calculate t(10).
-217
Let w(l) = -13*l**3 - 4*l**2 - 8*l - 11. Calculate w(-2).
93
Let u(i) = 4*i + 259. What is u(-64)?
3
Let s(d) = -111*d + 270. Determine s(-2).
492
Let c(d) = 6*d**2 + 407*d + 59. What is c(-68)?
127
Let m(i) = 5*i**2 + 29*i - 12. Calculate m(-6).
-6
Let h(d) = 2*d**2 - 13*d - 134. What is h(13)?
35
Let n(r) = 114*r**2 + 3*r - 16. Determine n(-2).
434
Let y(b) = -130*b - 269. Give y(-2).
-9
Let d(c) = -4*c**3 + 23*c**2 + 20*c - 22. Give d(6).
62
Let v(y) = 8*y + 1. What is v(-1)?
-7
Let f(o) = 36*o - 198. Determine f(6).
18
Let o(m) = -m**3 - 9*m**2 - 10*m + 29. Calculate o(-8).
45
Let k(t) = -54*t**2 - 217*t - 1. Calculate k(-4).
3
Let p(j) = -j**3 - 17*j**2 + 3*j + 73. Determine p(-17).
22
Let j(b) = -b**2 - 9*b - 39. What is j(-6)?
-21
Let d(c) = -3*c - 106. Determine d(-29).
-19
Let w(h) = -199*h - 1789. What is w(-9)?
2
Let c(k) = 3*k**3 + 284*k**2 + 181*k - 663. Determine c(-94).
-5
Let k(i) = -10*i**2 - 11*i - 27. Determine k(-3).
-84
Let z(k) = 5*k + 688. Calculate z(31).
843
Let c(z) = 14*z - 251. What is c(16)?
-27
Let o(j) = -93*j**2 + 5022*j + 84. Determine o(54).
84
Let x(w) = -53*w + 137. What is x(5)?
-128
Let j(k) = -152*k - 28109. Give j(-185).
11
Let g(w) = 298*w - 51. Give g(1).
247
Let b(j) = 125*j**2 + 425*j - 1. Calculate b(-3).
-151
Let y(u) = -u**3 - 13*u**2 + 29*u - 1. Calculate y(-14).
-211
Let v(c) = 7*c**3 - 193*c**2 - 83*c + 16. Calculate v(28).
44
Let x(y) = 101*y**2 + 12*y - 12. What is x(1)?
101
Let v(h) = 2*h**2 - 95*h - 289. Give v(51).
68
Let n(i) = -i**3 + 4*i - 10. What is n(0)?
-10
Let o(i) = -i + 5. Determine o(4).
1
Let n(d) = 21*d**3 + 65*d**2 + 7*d. Determine n(-3).
-3
Let k(o) = o**2 - 148*o - 447. What is k(-3)?
6
Let i(b) = 2*b**3 + 3*b**2 + 3*b - 1. What is i(-2)?
-11
Let w(q) = q**3 + 7*q**2 - 34*q + 43. What is w(2)?
11
Let z(a) = 12*a + 282. What is z(-21)?
30
Let b(k) = -10*k**3 - 5*k + 10. Calculate b(3).
-275
Let f(d) = d**2 + d - 3373. Determine f(-59).
49
Let s(w) = -25*w - 44. Give s(3).
-119
Let m(b) = -b**3 - 9*b**2 + 443*b + 2. Determine m(-26).
-24
Let o(l) = -2*l**3 + 61*l + 179. Give o(-3).
50
Let r(w) = -64*w - 280. Give r(-4).
-24
Let i(n) = -n**3 + 21*n**2 - 23*n + 264. Give i(21).
-219
Let o(j) = 66*j**2 - 32*j - 1. Give o(3).
497
Let b(l) = -23*l**2 - 322*l + 25. Determine b(-14).
25
Let v(n) = -31*n + 2474. Give v(80).
-6
Let f(w) = 3*w**2 + 2*w + 22. What is f(-13)?
503
Let n(b) = -20*b + 2558. What is n(129)?
-22
Let i(r) = -3*r**2 + 42*r + 87. What is i(-2)?
-9
Let l(k) = -k**3 - 56*k**2 - 42*k + 761. What is l(-55)?
46
Let m(k) = -k**3 + 4*k**2 + 7*k + 11. Determine m(7).
-87
Let b(d) = d**2 + 10*d + 51. Determine b(-21).
282
Let u(z) = 2*z**3 - z**2 - 21*z - 92. Determine u(0).
-92
Let i(z) = 155*z + 91. Determine i(0).
91
Let u(x) = -51*x + 1855. Determine u(36).
19
Let k(y) = -y**3 + 23*y**2 - 17*y - 503. What is k(21)?
22
Let h(s) = 93*s - 79. Calculate h(1).
14
Let r(i) = -5*i**2 + 138*i + 24. Determine r(30).
-336
Let d(b) = 639*b + 3196. What is d(-5)?
1
Let q(r) = -15*r - 10. What is q(1)?
-25
Let t(p) = p**3 - 28*p**2 - 33*p + 86. Give t(29).
-30
Let q(j) = j**2 - 78*j + 657. Determine q(9).
36
Let z(w) = -w**2 - 3*w + 333. Give z(-20).
-7
Let b(y) = 14*y**2 - 12*y + 21. Give b(4).
197
Let l(x) = 3*x**2 - 30*x - 345. Give l(-7).
12
Let r(w) = 6*w**2 + 3*w - 7. Give r(3).
56
Let q(d) = d**3 + 54*d**2 + 50*d - 178. What is q(-53)?
-19
Let a(c) = -2*c**3 + 39*c**2 + 59*c + 47. What is a(21)?
-37
Let s(y) = -y**2 - 88*y - 1722. Determine s(-59).
-11
Let h(l) = -3*l - 29. Calculate h(-18).
25
Let x(d) = d**2 - 28*d + 34. Give x(14).
-162
Let b(l) = l**3 - 18*l**2 + 8*l - 143. Give b(18).
1
Let c(j) = j**3 - 13*j**2 + 13*j + 72. Calculate c(9).
-135
Let a(o) = -2*o**2 - 12*o + 26. Determine a(-6).
26
Let m(w) = 558*w**3 - 4*w**2 - 12*w - 7. Calculate m(-1).
-557
Let d(v) = -101*v - 622. Give d(-6).
-16
Let a(r) = -r**3 + 23*r**2 + 58*r - 207. Calculate a(25).
-7
Let u(k) = 48*k + 383. Calculate u(-7).
47
Let r(w) = w**2 - 145*w - 880. What is r(-6)?
26
Let l(g) = 2*g**3 + 32*g**2 + 44*g + 211. What is l(-15)?
1
Let g(u) = u**3 - 8*u**2 + 73*u + 19. Give g(9).
757
Let t(n) = -60*n + 2028. Give t(33).
48
Let q(i) = -8*i + 278. What is q(12)?
182
Let q(w) = 3*w**3 - 214*w**2 - 152*w + 552. Give q(72).
-24
Let b(j) = 411*j + 2047. Give b(-5).
-8
Let n(o) = -3*o + 120. Determine n(39).
3
Let q(h) = -h**3 - 53*h**2 - 48*h - 44. Determine q(-52).
-252
Let r(v) = -117*v - 2333. Give r(-25).
592
Let f(h) = 5*h**2 - 118*h + 74